and 470?
470
What is the greatest common divisor of 218434 and 1383904?
1466
Calculate the greatest common factor of 3429150 and 23550.
150
What is the highest common divisor of 8 and 3146320?
8
Calculate the greatest common divisor of 5208 and 11352000.
24
Calculate the greatest common factor of 3501 and 3612254.
389
Calculate the greatest common factor of 49832272 and 1540.
28
What is the highest common factor of 7766660 and 302247?
473
Calculate the greatest common factor of 6395 and 231645.
5
Calculate the greatest common divisor of 3443 and 756521.
313
Calculate the greatest common divisor of 6349958 and 2.
2
What is the highest common factor of 2225 and 6049330?
445
Calculate the greatest common factor of 63 and 22335957.
63
Calculate the highest common factor of 326063536 and 5032.
5032
Calculate the greatest common divisor of 107567824 and 224.
112
Calculate the highest common divisor of 983218 and 3154.
166
Calculate the greatest common divisor of 2295758 and 872.
218
What is the greatest common factor of 62504 and 558116?
52
What is the highest common factor of 10199 and 11455451?
329
Calculate the greatest common divisor of 1462180 and 49590.
290
Calculate the greatest common factor of 2633683 and 117.
13
Calculate the highest common factor of 24516 and 145280.
908
Calculate the greatest common factor of 48 and 4830524.
4
What is the greatest common factor of 167657910 and 9996?
4998
Calculate the greatest common divisor of 5595 and 90555.
15
What is the highest common factor of 7417930 and 860?
430
What is the greatest common factor of 1102029 and 24?
3
Calculate the greatest common factor of 2524236 and 5200.
52
Calculate the greatest common factor of 603603 and 10787.
469
Calculate the greatest common divisor of 2221440 and 23985.
195
What is the greatest common divisor of 877 and 270337004?
877
Calculate the highest common factor of 10910300 and 200.
100
What is the highest common factor of 543712131 and 279?
279
What is the greatest common factor of 3016557 and 333?
9
Calculate the greatest common divisor of 21012378 and 17346.
354
Calculate the highest common divisor of 145095 and 194029.
569
What is the highest common divisor of 10692 and 463824?
36
What is the highest common divisor of 957627759 and 57?
57
What is the highest common factor of 2254073 and 9881?
241
Calculate the greatest common factor of 17 and 61531007.
17
What is the greatest common divisor of 392634 and 501930?
594
What is the highest common factor of 12469510 and 3610?
190
Calculate the greatest common factor of 1112121786 and 26613.
8871
What is the highest common factor of 32148 and 244017?
171
What is the greatest common factor of 2304 and 355072?
256
Calculate the highest common factor of 22693 and 315240841.
2063
Calculate the greatest common divisor of 302222336 and 42048.
4672
Calculate the greatest common divisor of 5804 and 55212001.
1451
What is the highest common divisor of 1851 and 61087319?
617
What is the highest common divisor of 289432 and 177008?
2392
Calculate the highest common factor of 249232 and 1008.
16
Calculate the greatest common divisor of 10465 and 12941019.
2093
Calculate the highest common factor of 1802199 and 91.
7
Calculate the highest common factor of 11842887 and 567.
21
What is the highest common divisor of 147 and 119364?
147
What is the greatest common factor of 176427227 and 92?
23
Calculate the greatest common divisor of 1694601 and 405.
81
Calculate the highest common divisor of 16069339 and 5455.
1091
Calculate the greatest common divisor of 1456 and 15684340.
28
What is the highest common factor of 2116595 and 325?
65
Calculate the greatest common divisor of 63553 and 166016.
1297
Calculate the greatest common divisor of 7269280 and 176.
16
What is the highest common factor of 227783899 and 14?
7
What is the greatest common divisor of 36650138 and 98?
98
What is the highest common divisor of 340210 and 2054?
26
What is the highest common factor of 1160 and 11423600?
40
Calculate the greatest common divisor of 18750 and 83730.
30
Calculate the highest common divisor of 67301024 and 35.
7
Calculate the greatest common divisor of 130823 and 8547.
77
Calculate the greatest common factor of 7026314 and 38.
38
What is the highest common factor of 152450 and 6713898?
6098
What is the highest common divisor of 1120 and 193111520?
1120
Calculate the greatest common factor of 14216544 and 2448.
144
What is the greatest common factor of 41408 and 14975462?
1294
Calculate the highest common divisor of 11421 and 91791.
423
What is the highest common divisor of 336 and 1608726?
42
What is the highest common divisor of 115 and 214705?
115
Calculate the greatest common factor of 5283674 and 15466.
814
Calculate the highest common divisor of 22551870 and 2220.
1110
Calculate the greatest common factor of 46589758 and 136.
34
What is the highest common factor of 528 and 208348152?
24
What is the greatest common factor of 12 and 12653328?
12
Calculate the greatest common divisor of 216183208 and 56.
8
Calculate the highest common factor of 568398120 and 24.
24
What is the highest common factor of 477972 and 165?
33
Calculate the highest common factor of 12 and 10211904.
12
Calculate the highest common factor of 579 and 1002442.
193
What is the greatest common factor of 114500244 and 36?
12
What is the greatest common factor of 1593 and 3277981?
59
What is the highest common factor of 1978 and 331427746?
1978
What is the greatest common divisor of 867580 and 2590?
70
Calculate the greatest common divisor of 39488790 and 5100.
510
What is the greatest common factor of 249 and 630249?
3
What is the highest common factor of 6332912 and 18032?
368
What is the highest common divisor of 10772 and 876819256?
10772
Calculate the highest common factor of 63 and 63962346.
21
Calculate the greatest common factor of 125411 and 81561.
877
Calculate the highest common divisor of 72285 and 2196.
183
Calculate the greatest common factor of 324 and 10682604.
324
What is the highest common divisor of 116653481 and 7?
7
Calculate the greatest common factor of 18 and 53166600.
18
What is the highest common divisor of 87 and 621340399?
29
Calculate the highest common divisor of 896335 and 19393.
473
What is the greatest common factor of 61800 and 23808?
24
Calculate the greatest common divisor of 274599 and 37089.
117
What is the highest common divisor of 2213036 and 6452?
6452
Calculate the highest common divisor of 6495 and 10076343.
1299
Calculate the greatest common factor of 761850 and 14130.
90
What is the greatest common factor of 135081 and 18120866?
5003
What is the greatest common factor of 1613280 and 645?
15
What is the greatest common factor of 350272 and 3380?
52
What is the highest common divisor of 97152 and 33990?
66
Calculate the greatest common divisor of 410312 and 8731198.
6034
What is the greatest common factor of 10656603 and 51?
51
Calculate the highest common divisor of 2240599 and 543.
181
What is the highest common factor of 1555 and 3362221?
311
What is the highest common factor of 20808169 and 5405?
1081
Calculate the greatest common factor of 66 and 68387451.
33
What is the greatest common factor of 406428 and 2442?
66
What is the highest common divisor of 100608 and 559872?
768
Calculate the greatest common factor of 1768 and 1650542920.
1768
Calculate the highest common factor of 4617 and 40155021.
243
What is the highest common factor of 298 and 336854879?
149
Calculate the greatest common divisor of 64860 and 10447865.
5405
What is the greatest common factor of 2227954872 and 1209?
1209
What is the highest common divisor of 65583393 and 894?
447
Calculate the greatest common divisor of 1734150 and 18480.
330
What is the highest common divisor of 105922 and 21586?
502
What is the highest common factor of 32 and 3836297120?
32
Calculate the highest common factor of 276552 and 28724.
668
What is the highest common factor of 549744 and 161616?
624
What is the highest common factor of 5655 and 11616501?
1131
What is the greatest common divisor of 190300 and 3000?
100
Calculate the highest common divisor of 5656708 and 929700.
4132
What is the greatest common divisor of 400 and 23416100?
100
What is the greatest common d